2, 53, 101, 181, 1973
List the prime factors of 44969856.
2, 3, 117109
List the prime factors of 2206831005.
3, 5, 631, 77719
What are the prime factors of 12746728?
2, 1593341
List the prime factors of 3218404155.
3, 5, 127, 1689451
What are the prime factors of 1016145780?
2, 3, 5, 13, 953, 1367
List the prime factors of 288510486.
2, 3, 11, 4371371
List the prime factors of 297416209.
297416209
What are the prime factors of 1461605583?
3, 17, 28658933
What are the prime factors of 60893538?
2, 3, 1999, 5077
What are the prime factors of 230358088?
2, 28794761
List the prime factors of 83340593.
7, 19, 626621
What are the prime factors of 17325652?
2, 17, 31, 8219
List the prime factors of 35777117.
35777117
List the prime factors of 95512366.
2, 47, 1016089
What are the prime factors of 1213517671?
1213517671
What are the prime factors of 522446333?
173, 3019921
List the prime factors of 405471693.
3, 11, 151, 81371
List the prime factors of 45397346.
2, 19, 1194667
What are the prime factors of 21540830?
2, 5, 139, 15497
What are the prime factors of 3889289884?
2, 31, 53, 97, 6101
What are the prime factors of 168997148?
2, 47, 898921
What are the prime factors of 370229747?
29, 12766543
What are the prime factors of 42320621?
7, 23, 83, 3167
What are the prime factors of 1111562391?
3, 17, 21795341
What are the prime factors of 3431755929?
3, 7, 163416949
List the prime factors of 624213445.
5, 23, 5427943
What are the prime factors of 8973061?
8973061
What are the prime factors of 3613397991?
3, 7, 17, 139, 72817
List the prime factors of 331247158.
2, 11, 79, 190591
List the prime factors of 5409797.
439, 12323
What are the prime factors of 660030493?
19, 34738447
List the prime factors of 247487785.
5, 17, 2911621
What are the prime factors of 1079730647?
1079730647
What are the prime factors of 106560835?
5, 19, 1121693
What are the prime factors of 1150735243?
7, 164390749
What are the prime factors of 391572440?
2, 5, 7, 1398473
What are the prime factors of 46288302?
2, 3, 197, 39161
What are the prime factors of 98420011?
2099, 46889
List the prime factors of 68254913.
61, 211, 5303
List the prime factors of 66365291.
66365291
What are the prime factors of 8724811?
563, 15497
List the prime factors of 115169157.
3, 12796573
List the prime factors of 375363499.
7, 1489, 36013
List the prime factors of 7747013.
7747013
List the prime factors of 2636915.
5, 19, 41, 677
List the prime factors of 18253103.
11, 1659373
What are the prime factors of 772140949?
83, 89, 104527
List the prime factors of 6340532693.
11, 19, 193, 157189
List the prime factors of 25293929.
227, 111427
List the prime factors of 27835017.
3, 7, 53, 89, 281
List the prime factors of 208192698.
2, 3, 7, 173, 9551
List the prime factors of 147908451.
3, 293, 168269
List the prime factors of 157922820.
2, 3, 5, 11, 47, 1697
List the prime factors of 1063760290.
2, 5, 2393, 44453
List the prime factors of 311481418.
2, 1213, 128393
List the prime factors of 843849803.
843849803
List the prime factors of 3062608906.
2, 7, 218757779
List the prime factors of 215410803.
3, 587, 122323
List the prime factors of 34372271.
34372271
List the prime factors of 4674088844.
2, 19, 61501169
What are the prime factors of 1570069046?
2, 7, 13, 137, 62969
List the prime factors of 264784811.
264784811
List the prime factors of 1190760.
2, 3, 5, 9923
List the prime factors of 97883148.
2, 3, 11, 347, 2137
List the prime factors of 202659019.
61, 3322279
What are the prime factors of 1004115669?
3, 23, 14552401
List the prime factors of 730453299.
3, 243484433
What are the prime factors of 32731194?
2, 3, 59, 92461
What are the prime factors of 400588060?
2, 5, 20029403
What are the prime factors of 769975956?
2, 3, 2376469
List the prime factors of 27104695.
5, 23, 31, 7603
List the prime factors of 135109408.
2, 7, 31, 19457
List the prime factors of 169072482.
2, 3, 79, 356693
What are the prime factors of 11741532?
2, 3, 11, 88951
What are the prime factors of 1753779116?
2, 19, 53, 435397
List the prime factors of 3221917334.
2, 1610958667
What are the prime factors of 1614411222?
2, 3, 17, 647, 1439
List the prime factors of 878880303.
3, 7, 13950481
List the prime factors of 216678599.
89, 263, 9257
List the prime factors of 2272422528.
2, 3, 1972589
What are the prime factors of 3866098187?
7, 2621, 30103
What are the prime factors of 57569301?
3, 6396589
What are the prime factors of 271593815?
5, 59, 71, 12967
What are the prime factors of 256576581?
3, 5099, 5591
List the prime factors of 118269334.
2, 59134667
What are the prime factors of 956961981?
3, 29, 3666521
What are the prime factors of 33710197?
557, 60521
What are the prime factors of 19429474?
2, 541, 17957
What are the prime factors of 423419869?
423419869
What are the prime factors of 23243633?
7, 3320519
List the prime factors of 735842836.
2, 2273, 80933
What are the prime factors of 11830659?
3, 67, 71, 829
List the prime factors of 1789643383.
11, 19, 8562887
What are the prime factors of 5893121725?
5, 719, 327851
List the prime factors of 113787228.
2, 3, 9482269
What are the prime factors of 3276970661?
31, 105708731
List the prime factors of 3751159263.
3, 23, 179, 303713
What are the prime factors of 48688215?
3, 5, 83, 39107
List the prime factors of 1880753521.
1880753521
List the prime factors of 331257402.
2, 3, 7, 127, 163
What are the prime factors of 67322716?
2, 16830679
What are the prime factors of 164127511?
9851, 16661
List the prime factors of 56684795.
5, 11336959
What are the prime factors of 941794619?
27529, 34211
What are the prime factors of 3480998716?
2, 13, 66942283
List the prime factors of 4712103.
3, 11, 4327
What are the prime factors of 654665555?
5, 130933111
What are the prime factors of 1549610043?
3, 59, 79, 110821
What are the prime factors of 6744712?
2, 13, 64853
What are the prime factors of 18323169?
3, 2297, 2659
What are the prime factors of 585198082?
2, 7, 5971409
What are the prime factors of 37018151?
37018151
List the prime factors of 105297537.
3, 35099179
What are the prime factors of 84027035?
5, 397, 42331
List the prime factors of 4872072205.
5, 7, 11, 13, 59, 2357
List the prime factors of 565953892.
2, 7, 20212639
What are the prime factors of 46531211?
83, 560617
What are the prime factors of 298851474?
2, 3, 47, 1059757
List the prime factors of 122567189.
827, 148207
What are the prime factors of 48870762?
2, 3, 59, 138053
What are the prime factors of 6470135460?
2, 3, 5, 35945197
What are the prime factors of 13705898?
2, 619, 11071
What are the prime factors of 561258650?
2, 5, 23, 488051
What are the prime factors of 247204236?
2, 3, 29, 479, 1483
List the prime factors of 839477904.
2, 3, 37, 47, 89, 113
What are the prime factors of 2036158988?
2, 31, 37, 83, 5347
What are the prime factors of 43938?
2, 3, 2441
List the prime factors of 2558924948.
2, 139, 4602383
What are the prime factors of 136687116?
2, 3, 11390593
What are the prime factors of 1057220307?
3, 11, 13, 821461
List the prime factors of 181468221.
3, 11, 19, 289423
List the prime factors of 229613046.
2, 3, 13, 37, 79561
What are the prime factors of 164156875?
5, 262651
List the prime factors of 789237745.
5, 157847549
List the prime factors of 38398303.
67, 573109
List the prime factors of 71039519.
37, 1919987
List the prime factors of 1691738191.
11, 13, 11830337
List the prime factors of 85065546.
2, 3, 19, 23, 32443
What are the prime factors of 679053593?
17, 39944329
What are the prime factors of 385532248?
2, 137, 351763
What are the prime factors of 169176198?
2, 3, 29, 972277
List the prime factors of 147378171.
3, 1181, 41597
List the prime factors of 4851958428.
2, 3, 31, 1449211
List the prime factors of 276804973.
157, 1763089
What are the prime factors of 256189136?
2, 7, 1009, 2267
List the prime factors of 52601378.
2, 193, 136273
List the prime factors of 71121012.
2, 3, 5926751
What are the prime factors of 8157849?
3, 7, 479, 811
List the prime factors of 598758105.
3, 5, 11, 17, 213461
What are the prime factors of 10408902?
2, 3, 7, 47, 5273
List the prime factors of 208449037.
127, 601, 2731
What are the prime factors of 1081285901?
17, 47, 101, 